{"id":37,"date":"2024-10-23T15:42:46","date_gmt":"2024-10-23T13:42:46","guid":{"rendered":"https:\/\/laflechesannoisienne.fr\/?page_id=37"},"modified":"2025-09-01T22:48:33","modified_gmt":"2025-09-01T20:48:33","slug":"les-documents","status":"publish","type":"page","link":"https:\/\/laflechesannoisienne.fr\/index.php\/les-documents\/","title":{"rendered":"Les documents"},"content":{"rendered":"\n<div class=\"wp-block-group\"><div class=\"wp-block-group__inner-container is-layout-constrained wp-block-group-is-layout-constrained\">\n<div class=\"wp-block-columns is-layout-flex wp-container-core-columns-is-layout-9d6595d7 wp-block-columns-is-layout-flex\">\n<div class=\"wp-block-column is-layout-flow wp-block-column-is-layout-flow\">\n<ul class=\"wp-block-list\">\n<li><a href=\"#fiche_inscription\" data-type=\"internal\" data-id=\"#fiche_inscription\">Fiche d&#8217;inscription<\/a><\/li>\n\n\n\n<li><a href=\"#reglement_interieur\" data-type=\"internal\" data-id=\"#reglement_interieur\">R\u00e8glement int\u00e9rieur<\/a><\/li>\n\n\n\n<li><a href=\"#tarifs_renseignements\" data-type=\"internal\" data-id=\"#tarifs_renseignements\">Tarifs et renseignements<\/a><\/li>\n<\/ul>\n<\/div>\n\n\n\n<div class=\"wp-block-column is-layout-flow wp-block-column-is-layout-flow\"><\/div>\n\n\n\n<div class=\"wp-block-column is-layout-flow wp-block-column-is-layout-flow\"><\/div>\n<\/div>\n\n\n\n<div id=\"fiche_inscription\"><h2 class=\"wp-block-heading\">Fiche d&#8217;inscription 2025\/2026<\/h2><\/div>\n\n\n\n<div class=\"wp-block-group\"><div class=\"wp-block-group__inner-container is-layout-constrained wp-block-group-is-layout-constrained\">\n<div data-wp-interactive=\"core\/file\" class=\"wp-block-file\"><object data-wp-bind--hidden=\"!state.hasPdfPreview\" hidden class=\"wp-block-file__embed\" data=\"https:\/\/laflechesannoisienne.fr\/wp-content\/uploads\/2025\/06\/Fiche-inscription-2025-2026.pdf\" type=\"application\/pdf\" style=\"width:100%;height:600px\" aria-label=\"Contenu embarqu\u00e9 Fiche inscription 2025-2026.\"><\/object><a id=\"wp-block-file--media-2204ad2a-f98d-4911-bafd-fc2f417721f5\" href=\"https:\/\/laflechesannoisienne.fr\/wp-content\/uploads\/2025\/06\/Fiche-inscription-2025-2026.pdf\">Fiche inscription 2025-2026<\/a><a href=\"https:\/\/laflechesannoisienne.fr\/wp-content\/uploads\/2025\/06\/Fiche-inscription-2025-2026.pdf\" class=\"wp-block-file__button wp-element-button\" download aria-describedby=\"wp-block-file--media-2204ad2a-f98d-4911-bafd-fc2f417721f5\">T\u00e9l\u00e9charger<\/a><\/div>\n<\/div><\/div>\n<\/div><\/div>\n\n\n\n<div class=\"wp-block-group\"><div class=\"wp-block-group__inner-container is-layout-constrained wp-block-group-is-layout-constrained\">\n<div id=\"reglement_interieur\"><h2 class=\"wp-block-heading\">R\u00e8glement int\u00e9rieur 2024\/2025<\/h2><\/div>\n\n\n\n<div class=\"wp-block-group\"><div class=\"wp-block-group__inner-container is-layout-constrained wp-block-group-is-layout-constrained\">\n<div data-wp-interactive=\"core\/file\" class=\"wp-block-file\"><object data-wp-bind--hidden=\"!state.hasPdfPreview\" hidden class=\"wp-block-file__embed\" data=\"https:\/\/laflechesannoisienne.fr\/wp-content\/uploads\/2024\/11\/Reglement-Interieur-2024.pdf\" type=\"application\/pdf\" style=\"width:100%;height:600px\" aria-label=\"Contenu embarqu\u00e9 R\u00e8glement Int\u00e9rieur 2024.\"><\/object><a id=\"wp-block-file--media-e02b45d9-56cb-4f6f-9a30-447197d63507\" href=\"https:\/\/laflechesannoisienne.fr\/wp-content\/uploads\/2024\/11\/Reglement-Interieur-2024.pdf\">R\u00e8glement Int\u00e9rieur 2024<\/a><a href=\"https:\/\/laflechesannoisienne.fr\/wp-content\/uploads\/2024\/11\/Reglement-Interieur-2024.pdf\" class=\"wp-block-file__button wp-element-button\" download aria-describedby=\"wp-block-file--media-e02b45d9-56cb-4f6f-9a30-447197d63507\">T\u00e9l\u00e9charger<\/a><\/div>\n<\/div><\/div>\n<\/div><\/div>\n\n\n\n<div class=\"wp-block-group\"><div class=\"wp-block-group__inner-container is-layout-constrained wp-block-group-is-layout-constrained\">\n<div id=\"tarifs_renseignements\"><h2 class=\"wp-block-heading\">Tarifs et renseignements 2025\/2026<\/h2><\/div>\n\n\n\n<div class=\"wp-block-group\"><div class=\"wp-block-group__inner-container is-layout-constrained wp-block-group-is-layout-constrained\">\n<div data-wp-interactive=\"core\/file\" class=\"wp-block-file\"><object data-wp-bind--hidden=\"!state.hasPdfPreview\" hidden class=\"wp-block-file__embed\" data=\"https:\/\/laflechesannoisienne.fr\/wp-content\/uploads\/2025\/07\/Tarifs-et-renseignements-2025-2026.pdf\" type=\"application\/pdf\" style=\"width:100%;height:600px\" aria-label=\"Contenu embarqu\u00e9 Tarifs et renseignements 2025-2026.\"><\/object><a id=\"wp-block-file--media-d1f40c46-b240-417d-a721-38318acbd653\" href=\"https:\/\/laflechesannoisienne.fr\/wp-content\/uploads\/2025\/07\/Tarifs-et-renseignements-2025-2026.pdf\">Tarifs et renseignements 2025-2026<\/a><a href=\"https:\/\/laflechesannoisienne.fr\/wp-content\/uploads\/2025\/07\/Tarifs-et-renseignements-2025-2026.pdf\" class=\"wp-block-file__button wp-element-button\" download aria-describedby=\"wp-block-file--media-d1f40c46-b240-417d-a721-38318acbd653\">T\u00e9l\u00e9charger<\/a><\/div>\n<\/div><\/div>\n<\/div><\/div>\n\n\n\n<p><\/p>\n","protected":false},"excerpt":{"rendered":"<p>Fiche d&#8217;inscription 2025\/2026 R\u00e8glement int\u00e9rieur 2024\/2025 Tarifs et renseignements 2025\/2026<\/p>\n","protected":false},"author":1,"featured_media":0,"parent":0,"menu_order":0,"comment_status":"closed","ping_status":"closed","template":"","meta":{"footnotes":""},"class_list":["post-37","page","type-page","status-publish","hentry","no-thumb"],"_links":{"self":[{"href":"https:\/\/laflechesannoisienne.fr\/index.php\/wp-json\/wp\/v2\/pages\/37","targetHints":{"allow":["GET"]}}],"collection":[{"href":"https:\/\/laflechesannoisienne.fr\/index.php\/wp-json\/wp\/v2\/pages"}],"about":[{"href":"https:\/\/laflechesannoisienne.fr\/index.php\/wp-json\/wp\/v2\/types\/page"}],"author":[{"embeddable":true,"href":"https:\/\/laflechesannoisienne.fr\/index.php\/wp-json\/wp\/v2\/users\/1"}],"replies":[{"embeddable":true,"href":"https:\/\/laflechesannoisienne.fr\/index.php\/wp-json\/wp\/v2\/comments?post=37"}],"version-history":[{"count":7,"href":"https:\/\/laflechesannoisienne.fr\/index.php\/wp-json\/wp\/v2\/pages\/37\/revisions"}],"predecessor-version":[{"id":724,"href":"https:\/\/laflechesannoisienne.fr\/index.php\/wp-json\/wp\/v2\/pages\/37\/revisions\/724"}],"wp:attachment":[{"href":"https:\/\/laflechesannoisienne.fr\/index.php\/wp-json\/wp\/v2\/media?parent=37"}],"curies":[{"name":"wp","href":"https:\/\/api.w.org\/{rel}","templated":true}]}}